at is -10000 + 101110?
11110
In base 8, what is 1733736 + 5?
1733743
In base 12, what is -3 + -109242?
-109245
In base 16, what is 12 + 390?
3a2
In base 5, what is 14 + -2304?
-2240
In base 15, what is d0bc - 44?
d078
In base 5, what is 111400011 + 0?
111400011
In base 3, what is -2001022101 + -10?
-2001022111
In base 5, what is 2 - 344210?
-344203
In base 7, what is 1305601 + -52?
1305516
In base 10, what is -2 + -219126?
-219128
In base 3, what is 211002221 + -12?
211002202
In base 11, what is 448a - 3?
4487
In base 12, what is -1 + -3b27?
-3b28
In base 16, what is b2 - -11e?
1d0
In base 13, what is -1b - 71c?
-73a
In base 5, what is 2 + -2421322?
-2421320
In base 12, what is 30651 + a?
3065b
In base 4, what is -11 + 10300320?
10300303
In base 4, what is -1321 + 121130?
113203
In base 10, what is -25 + 15616?
15591
In base 14, what is 5 - -120aa6?
120aab
In base 16, what is 5 + 79c1?
79c6
In base 15, what is 55 - -248?
29d
In base 3, what is 11212111212 + -10?
11212111202
In base 4, what is -12302 + -22220?
-101122
In base 8, what is 14673 - -2?
14675
In base 6, what is -3 - 4250351?
-4250354
In base 6, what is -53014 + 233?
-52341
In base 9, what is 63 + 237?
311
In base 3, what is -22210200 - -11?
-22210112
In base 16, what is -2f29 + 3?
-2f26
In base 15, what is 79be - -1?
79c0
In base 3, what is -22120012 + -21?
-22120110
In base 9, what is -1722787 - 0?
-1722787
In base 6, what is 253 + 110015?
110312
In base 13, what is 2 + -5724?
-5722
In base 13, what is 88 + 312c?
31b7
In base 3, what is 1 - 212102202202?
-212102202201
In base 8, what is 11 + -12256?
-12245
In base 2, what is -11101011 - -1110000101?
1010011010
In base 3, what is 22100000220 - 2?
22100000211
In base 7, what is -3 - -2461?
2455
In base 2, what is -101110 - -11001010110110?
11001010001000
In base 7, what is 0 + 1101561?
1101561
In base 3, what is 10 - -200002112?
200002122
In base 7, what is 10 + -32411?
-32401
In base 12, what is -a - a63?
-a71
In base 11, what is -13 - 21622?
-21635
In base 16, what is -5e9a2 + 1?
-5e9a1
In base 6, what is 230 + -2012?
-1342
In base 9, what is -5851811 - -3?
-5851807
In base 2, what is 0 - -1110010100111011?
1110010100111011
In base 7, what is 2 - -56401?
56403
In base 4, what is -321233 + -1?
-321300
In base 2, what is 10100 - 11100111101?
-11100101001
In base 12, what is -5 - -513790?
513787
In base 16, what is 5f420 - 4?
5f41c
In base 15, what is 39a04a + -3?
39a047
In base 8, what is 1 - 3004467?
-3004466
In base 6, what is 104233 - -10?
104243
In base 8, what is -1 + -657731?
-657732
In base 13, what is 1436942 + -1?
1436941
In base 8, what is 1100 - -6424?
7524
In base 4, what is -101201311033 + 11?
-101201311022
In base 16, what is 3 + -3174?
-3171
In base 14, what is -564a2 - -3?
-5649d
In base 15, what is 2e8 + 29?
322
In base 16, what is -20a15 - -10?
-20a05
In base 13, what is -3449 + 0?
-3449
In base 5, what is 11 + -100?
-34
In base 14, what is -124c1 - 9?
-124ca
In base 10, what is 4 - -69377?
69381
In base 6, what is -215423 + 25?
-215354
In base 6, what is -455405 - 45?
-455454
In base 9, what is -3382 + 44?
-3337
In base 4, what is 10 + 310321322?
310321332
In base 13, what is 22 + -1806?
-17b4
In base 6, what is 32454054 + -3?
32454051
In base 3, what is -10 + -102112102?
-102112112
In base 11, what is -5 + -145165?
-14516a
In base 16, what is d - 883b?
-882e
In base 5, what is -30442 - 1213?
-32210
In base 10, what is -80723 + -2?
-80725
In base 5, what is -10 - 222324044?
-222324104
In base 12, what is -4 - -1b73b3?
1b73ab
In base 13, what is 100 + -3b?
92
In base 11, what is -544 + -834?
-1278
In base 13, what is -1045 - 3?
-1048
In base 5, what is 2441 - -344?
3340
In base 12, what is 68 - -361?
409
In base 7, what is -534561 + 2?
-534556
In base 14, what is -3c6 - 931?
-d17
In base 2, what is 101000000110011 - 10?
101000000110001
In base 16, what is 16d07 - -5?
16d0c
In base 7, what is 62 + 102150?
102242
In base 12, what is -15 + 1275a?
12745
In base 16, what is -5f9 + 24?
-5d5
In base 4, what is 11011 + 11?
11022
In base 3, what is -100 - -211122002?
211121202
In base 11, what is -a29 + 1a27?
aa9
In base 3, what is -221210 - 10110021?
-11102001
In base 9, what is 1 + -432541?
-432540
In base 2, what is 11111011111000011 - -1011?
11111011111001110
In base 11, what is 6 - -4030?
4036
In base 7, what is -110052 - -112?
-106640
In base 8, what is 12 - 641172?
-641160
In base 3, what is 122202 - -10121201?
11021110
In base 10, what is 2239 + 0?
2239
In base 12, what is -109 - -25a?
151
In base 3, what is 1021111100000 - 12?
1021111022211
In base 15, what is -230121 - -1?
-230120
In base 12, what is 103 + -4b?
74
In base 2, what is 100011 + 11100011001001?
11100011101100
In base 13, what is 788 + -7?
781
In base 15, what is 33d0 - -d?
33dd
In base 9, what is 18 - -10621?
10640
In base 11, what is 97 - -2768?
2854
In base 15, what is 47 + 21d?
265
In base 12, what is 3b7a + 5?
3b83
In base 13, what is 3c - b0b?
-a9c
In base 10, what is 145253 - -2?
145255
In base 6, what is -1243 - 55?
-1342
In base 3, what is -1102 + 11020002?
11011200
In base 2, what is 11 + 1010100101111101?
1010100110000000
In base 11, what is -39 + 3114?
3086
In base 4, what is 3 + -202102312?
-202102303
In base 8, what is 55201 + 15?
55216
In base 11, what is 216381 - -3?
216384
In base 16, what is -1573 - 3?
-1576
In base 16, what is -92c + -9?
-935
In base 12, what is -312 + -257?
-569
In base 9, what is 51152 - -2?
51154
In base 14, what is 1075 - 1b0?
ca5
In base 15, what is -571 + -22?
-593
In base 11, what is 517425 - 5?
517420
In base 14, what is 49aa3 + 1?
49aa4
In base 4, what is 13211 + -10223?
2322
In base 3, what is 120100 - 1010?
112020
In base 4, what is -23313113 + -3?
-23313122
In base 12, what is 184 - -987?
b4b
In base 4, what is 21021 - 3302?
11113
In base 14, what is 5 - -d00c?
d013
In base 2, what is -101000100110 + -1101110?
-101010010100
In base 7, what is -10211 - 114?
-10325
In base 14, what is a063c9 - 0?
a063c9
In base 12, what is -1017 + -86?
-10a1
In base 7, what is -5 + 151641?
151633
In base 2, what is 1000000 + 101101100?
110101100
In base 15, what is 34 - 366b?
-3637
In base 3, what is 20 + 202011210?
202012000
In base 14, what is a - -4ba?
4c6
In base 10, what is -468879 + 4?
-468875
In base 3, what is -1102100101 - -12?
-1102100012
In base 5, what is -2 + -224440?
-224442
In base 9, what is 4818 - -46?
4865
In base 7, what is 23 - -51116?
51142
In base 5, what is -1034121303 - -10?
-1034121243
In base 10, what is 19 + 4207?
4226
In base 5, what is 2032223 - 4?
2032214
In base 11, what is 181452 + -11?
181441
In base 14, what is ad49 - 6?
ad43
In base 15, what is 12 - -d20?
d32
In base 10, what is 116 - 11664?
-11548
In base 11, what is -246 - a9?
-344
In base 6, what is -244 + -1013?
-1301
In base 9, what is 42 + -2488?
-2446
In base 16, what is -a - 11ed?
-11f7
In base 15, what is 4 + -106e4?
-106e0
In base 4, what is 1 - -100233320?
100233321
In base 7, what is 1 - -61203?
61204
In base 2, what is 100000 + -11011110101001000?
-11011110100101000
In base 12, what is -37 - 2a91?
-2b08
In base 16, what is -b - ce52?
-ce5d
In base 9, what is 616 - 5065?
-4348
In base 6, what is 2 + -240033?
-240031
In base 16, what is -26 - c1c6?
-c1ec
In base 7, what is 5 - 115646?
-115641
In base 15, what is 445 + -4?
441
In base 10, what is 167489 - 3?
167486
In base 12, what is -47047 + 31?
-47016
In base 2, what is -101 - 110010011110000011?
-110010011110001000
In base 5, what is -1341311430 - -3?
-1341311422
In base 9, what is -28167 + 8?
-28158
In base 7, what is -15326312 + 4?
-15326305
In base 7, what is 1651 + 2630?
4611
In base 10, what is 212721 + 0?
212721
In base 12, what is -4 + -a278?
-a280
In base 12, what is -a + 8669?
865b
In base 15, what is -94b6b + -2?
-94b6d
In base 15, what is -1b217 + a?
-1b20c
In base 11, what is 5 - -2311?
2316
In base 16, what is 3e - 852?
-814
In base 11, what is -446a5 - 5?
-446aa
In base 4, what is -30122002 - 3?
-30122011
In base 7, what is 50503 + 30?
50533
In base 15, what is 5 - -d44aa?
d44b0
In base 15, what is 5 - ad6b9?
-ad6b4
In base 15, what is 114e - 2?
114c
In base 14, what is 3 + -1dd1?
-1dcc
In base 4, what is -1 + 100131111?
100131110
In base 12, what is 63b - -